 common factor of f and 8?
4
Suppose 2*j = -3*s + 12, 2 - 12 = -5*s. Suppose u = 2*t - 64, 2*t - 60 = 4*u - u. Calculate the highest common factor of t and j.
3
Let z(q) = q**3 + 12*q**2 + 11*q - 1. Let i be z(-11). Let b = i - -3. Suppose -n = -b*n + 3. What is the highest common factor of n and 21?
3
Suppose -j + y + 19 = 0, 0*y + y + 4 = 0. Suppose -5 = -3*t + 25. Calculate the highest common divisor of t and j.
5
Suppose 5*f = 15, 4*o - 764 = -2*f - 2*f. What is the highest common divisor of o and 47?
47
Suppose 0 = r - 1, 0 = 3*z - 4*r - 90 - 143. Suppose -4*u + 367 = z. Calculate the greatest common divisor of 18 and u.
18
Let g = 24 + -1. Calculate the highest common factor of g and 23.
23
Let p be 2/(-4) - 294/4. Let t = -42 - p. Suppose -3*h + 26 - 5 = 3*d, -2*d + h = -17. What is the greatest common factor of d and t?
8
Let m(t) = -t**2 + 5*t + 3. Let l be m(5). Suppose 0 = -g + l - 0. Suppose g*z - 20 = 43. Calculate the highest common factor of z and 105.
21
Let a(g) = -g - 5. Let z be a(-7). Let d = -2 + 2. Suppose d = -2*o + 3*o - z. What is the highest common factor of 2 and o?
2
Let n(k) = k**3 - 4*k**2 + 4*k + 1. Let i be n(3). Suppose -2*w = -14 + i. Calculate the greatest common factor of w and 55.
5
Let j be (-2)/3 + 535/15. Suppose 3*h + l - j + 9 = 0, 4*h - 3*l = 26. What is the greatest common divisor of 8 and h?
8
Let q(d) = d**3 + d. Let n be q(2). Let b = n + -6. Suppose 0 = -b*j + 4. What is the highest common divisor of 11 and j?
1
Suppose 0 = 2*h - 5*h - 3. Let a be h/(-4) - (-47)/4. Let l(n) = 8*n + 12. Let i be l(9). Calculate the greatest common factor of a and i.
12
Suppose -1 = -3*y + 5*c, 4*y = 2*y + 3*c + 1. Suppose 0 = -y*l + 5*w - 0 - 4, 12 = 3*w. Calculate the highest common divisor of l and 40.
8
Suppose l = -0*l + 48. Suppose l = a + 8. Suppose t = 11 + 9. What is the highest common factor of a and t?
20
Suppose 4*t + 225 = -t. Let n be 1/(-2) - t/10. Calculate the highest common factor of n and 44.
4
Let d(z) = 2*z + 4. Let r be d(3). Let f = -23 - -38. Calculate the greatest common divisor of f and r.
5
Let f be ((-29)/(-58))/(1/2). Calculate the highest common divisor of 11 and f.
1
Let v be (15/6)/((-2)/(-36)). What is the highest common factor of 5 and v?
5
Let i = 5 - 5. Let q = i - 0. Suppose q*u - 4*u + 56 = 0. Calculate the highest common factor of 70 and u.
14
Let r(m) = 7*m**3 - m**2 + 2*m - 1. Let o be r(1). Let z(j) = 3*j**2 + j**2 - 9*j - 1 - 4. Let l be z(o). What is the greatest common factor of 16 and l?
16
Let o be (-3)/((-6)/4)*-14. Let n be 1/(-2*2/o). Calculate the greatest common divisor of 63 and n.
7
Let j(d) = 8*d - 1. Let z be j(1). Let v = -46 + 81. What is the greatest common factor of v and z?
7
Let c(w) = -5*w + 1. Suppose -4*a + g - 2*g + 4 = 0, 4*g + 3 = 3*a. Let l be c(a). Let b be (-2)/l - (-78)/4. What is the greatest common factor of b and 4?
4
Let s be 12 + 0/(4 - 3). What is the greatest common factor of s and 48?
12
Let z be 1 + -1 + 3 + -117 + 119. What is the greatest common divisor of z and 25?
5
Let z = 62 - 7. Suppose -8*f + 12*f = 44. What is the highest common factor of z and f?
11
Let d(m) = -m**2 + 18*m + 87. Let g be d(21). Suppose 17 = 3*i - 271. Calculate the greatest common divisor of i and g.
24
Let s = 12 + -7. Suppose 2*x - s*l + 2 = 0, -2*x - 8*l = -3*l - 38. What is the greatest common divisor of 63 and x?
9
Suppose 2*s = s. Suppose j - 35 = -s*j. Let p(v) = v**3 + 3*v**2 - 2*v - 1. Let i be p(-3). What is the greatest common divisor of i and j?
5
Let l(t) = -t**2 - 13*t. Let z be l(-11). Let m = -8 + z. Suppose -4*h + 12 = 4. Calculate the greatest common factor of m and h.
2
Suppose 119 = 5*g + 2*g. Let o be 2*-1 + 70/1. Calculate the highest common divisor of o and g.
17
Suppose 0 = 5*k - w - 3*w - 25, 3*w = -2*k - 13. Let v = k - 8. Let l be (1 + v)*10/(-4). What is the greatest common divisor of 10 and l?
5
Let t(b) = b**2 - 2*b + 10. Let r be t(6). Calculate the greatest common divisor of r and 136.
34
Suppose 3*y + 10 = y, -n = 2*y + 8. Suppose -4*m = -9*m + 20. Suppose 2*s + 0*s = 3*p + 28, -14 = -s - m*p. Calculate the highest common divisor of n and s.
2
Let f(u) = 6*u + 7. Let j be f(5). Let c = j + -10. What is the greatest common divisor of c and 18?
9
Let g(c) = -36*c**2 - c - 1. Let m be g(-1). Let b be (8/(-3))/(2/m). Calculate the greatest common factor of 12 and b.
12
Let l = -39 - -59. What is the highest common divisor of l and 5?
5
Let f = 305 - 172. What is the highest common factor of f and 19?
19
Suppose 2*c + 1 = 3. Let u be (c - 4)*(-11)/3. Let k = -14 - -69. Calculate the highest common divisor of u and k.
11
Let p = -2 - -7. Suppose 0*b - 2*k = -b - 1, p*k - 15 = 0. What is the greatest common factor of b and 10?
5
Let f(h) = 81*h**2 + h - 1. Let l be f(1). Let s(r) = 5*r - 1. Let a be s(2). What is the highest common factor of a and l?
9
Suppose -5*c + s + 51 = 0, 0 = -5*c - 3*s + 21 + 26. What is the greatest common divisor of c and 90?
10
Suppose -32 = -0*v - 2*v. Suppose 0 = 2*o - 3*o + 16. Calculate the highest common divisor of v and o.
16
Let r be 0 + (-19)/(-6) - 2/12. What is the highest common factor of 18 and r?
3
Let r(l) = -l - 10. Let h be r(-8). Let v be h - -1*(23 - -3). Calculate the highest common divisor of 4 and v.
4
Let d = -13 + 41. Let k = 11 - 7. Calculate the greatest common factor of d and k.
4
Let f(k) be the first derivative of -k**2/2 + 6. Let q be f(-6). Let y(s) = s + 7. Let b be y(5). Calculate the highest common factor of b and q.
6
Let d(z) = z**2 + 6*z - 15. Let f be d(-8). Let r be ((-5)/4)/(1/(-4)). Suppose -r*j + 3*j = -18. What is the greatest common divisor of j and f?
1
Let m(r) = 9*r**2 - 7*r + 4. Let q be m(2). Calculate the greatest common divisor of q and 26.
26
Suppose 10 + 14 = 4*x. Let q(s) = s**3 - 6*s**2 + 4*s - 8. Let u be q(x). Calculate the highest common divisor of u and 2.
2
Suppose 0 = -y - 4*y + 90. What is the highest common divisor of 2 and y?
2
Let y = -125 - -193. What is the greatest common factor of 17 and y?
17
Let n(o) be the first derivative of o**4/4 - 5*o**3/3 + 3*o**2/2 - 3*o - 3. Let c be n(5). What is the highest common divisor of 18 and c?
6
Let v be 2/(-6)*0 + 81. Suppose 3*q - 8 = 4*q. Let k(s) = s + 17. Let n be k(q). Calculate the greatest common divisor of n and v.
9
Let q(k) = -k**3 - 8*k**2 + 6*k + 33. Let b be q(-9). Let u be -1*2 + 24 - -1. Suppose s = u + 17. What is the greatest common divisor of b and s?
20
Let z = 2 - 3. Let q be (22/(-6))/(z/9). Suppose 0 = -j + l + q, -4*l - l - 15 = 0. Calculate the highest common factor of j and 45.
15
Suppose 0 = 3*l - 4*l. Let z = 5 - 1. Suppose -5*c - 15 = 0, -z*a + l + 19 = -c. What is the highest common divisor of a and 4?
4
Let r be 118/(12/4 - 2). What is the highest common factor of r and 59?
59
Let t be (22/44)/((-1)/(-68) + 0). What is the highest common factor of 153 and t?
17
Suppose 0 = -4*v - d + 25, -3*v - 31 = -8*v - d. Let x = v + -4. Suppose 4*q - 150 = x*l, -45 = -q - 2*l + l. What is the highest common divisor of q and 8?
8
Let g(f) = 65*f**2. Let s be g(1). Suppose 4*w - 4*u + 2 = -2, -2*u = -4*w - 4. Let k be (-2)/w + 23 + 1. Calculate the highest common factor of s and k.
13
Let i be (-28)/6 + (-2)/(-3). Let p be 6/i*1*2. Let l be 2/(2 - 3 - p). Calculate the highest common divisor of 8 and l.
1
Suppose 5*b = -3*g + 6*g + 80, 5*g + 32 = 3*b. Let o = b - 12. Let r = o + -4. Calculate the greatest common divisor of r and 21.
3
Let k(f) = -3*f**3 - f**2 + f. Let a be ((-1)/(-2))/(4/(-16)). Let t be k(a). Calculate the greatest common factor of t and 162.
18
Suppose -13*f - f + 322 = 0. What is the greatest common divisor of f and 23?
23
Let s(w) be the first derivative of -w**4/2 + w**3/3 + w**2/2 + 3*w + 2. Let o be s(-3). What is the highest common factor of o and 7?
7
Let c be (3 - 1)*3/(-2). Let h be (-2)/c*(20 - -4). What is the greatest common divisor of h and 144?
16
Suppose -6 = -3*c - 0. Suppose -c*b + 8 = -14. Let z be 134/3 + 10/(-15). What is the greatest common factor of z and b?
11
Suppose 8 = -3*t + 158. Let f(k) = -2*k - 5. Let m be f(-4). Suppose 80 = h + m*h. What is the greatest common divisor of t and h?
10
Let j(p) = -p**2 - 10*p - 12. Let n be j(-8). Su